ommon divisor of 60 and 63465.
15
What is the highest common divisor of 415907 and 2?
1
Calculate the highest common divisor of 11990 and 42510.
1090
What is the greatest common divisor of 448 and 15512?
56
Calculate the highest common divisor of 5922 and 162432.
846
What is the highest common factor of 8872 and 768?
8
What is the highest common divisor of 1007 and 4256?
19
What is the highest common divisor of 1428600 and 150?
150
Calculate the highest common factor of 30806 and 422.
422
What is the greatest common divisor of 10322 and 47840?
26
Calculate the highest common factor of 714483 and 22176.
693
Calculate the greatest common divisor of 252016 and 760.
152
What is the highest common divisor of 54 and 1797?
3
Calculate the greatest common factor of 1072 and 952.
8
What is the greatest common divisor of 701 and 1119497?
701
What is the highest common divisor of 842905 and 35?
35
What is the greatest common divisor of 10644 and 24?
12
What is the greatest common factor of 1544 and 8?
8
Calculate the greatest common divisor of 10750 and 8170.
430
What is the highest common divisor of 8748 and 8?
4
What is the highest common factor of 598 and 130858?
26
What is the highest common factor of 11259 and 378?
27
Calculate the greatest common divisor of 4727 and 20996.
29
What is the highest common factor of 1744 and 76?
4
What is the greatest common factor of 32639 and 29041?
257
Calculate the greatest common divisor of 258 and 240843.
129
What is the highest common factor of 74389 and 28?
7
Calculate the greatest common divisor of 165543 and 140.
7
What is the highest common factor of 1936 and 1804?
44
What is the greatest common divisor of 35064 and 1728?
72
What is the highest common factor of 542778 and 2745?
183
What is the greatest common factor of 1309 and 8687?
119
What is the highest common factor of 2961 and 35847?
63
Calculate the greatest common factor of 2326090 and 1851.
617
Calculate the highest common divisor of 168799 and 472.
59
Calculate the highest common divisor of 492 and 322752.
492
Calculate the highest common divisor of 71 and 1328410.
71
Calculate the greatest common factor of 346606 and 13.
13
What is the highest common divisor of 68 and 416126?
34
Calculate the greatest common factor of 442 and 193375.
221
Calculate the greatest common factor of 48 and 35115.
3
Calculate the greatest common factor of 855 and 600.
15
Calculate the greatest common factor of 227 and 261731.
227
What is the highest common factor of 195 and 41691?
39
What is the highest common divisor of 1444194 and 18?
18
Calculate the greatest common divisor of 3102 and 611.
47
What is the highest common divisor of 9 and 10524?
3
What is the greatest common factor of 601608 and 112?
56
Calculate the greatest common factor of 376 and 122482.
94
What is the highest common divisor of 322 and 10?
2
What is the greatest common divisor of 3233 and 22313?
53
Calculate the greatest common divisor of 17 and 4023356.
17
What is the greatest common factor of 23184 and 85698?
414
Calculate the greatest common divisor of 50 and 475910.
10
What is the greatest common divisor of 51294 and 1743?
249
Calculate the greatest common divisor of 174625 and 250.
125
What is the greatest common divisor of 28 and 7329938?
14
Calculate the greatest common factor of 399 and 107863.
133
What is the greatest common factor of 138 and 68793?
69
Calculate the greatest common divisor of 50 and 1099100.
50
Calculate the greatest common factor of 30 and 19302.
6
Calculate the greatest common divisor of 120554 and 14.
14
What is the highest common factor of 1603 and 5725?
229
What is the greatest common factor of 222 and 3774?
222
Calculate the highest common divisor of 189 and 352377.
27
Calculate the greatest common divisor of 249 and 41915.
83
Calculate the highest common factor of 7751 and 575.
23
What is the highest common factor of 3582 and 1494888?
1194
What is the highest common divisor of 8730 and 20?
10
What is the greatest common divisor of 155 and 1555?
5
What is the greatest common factor of 29073 and 165?
33
Calculate the highest common factor of 441 and 10892.
7
What is the highest common divisor of 134531 and 87?
29
What is the highest common divisor of 6138 and 132?
66
What is the highest common divisor of 100 and 163450?
50
Calculate the greatest common factor of 1759992 and 1248.
312
What is the greatest common factor of 1640 and 176915?
205
What is the greatest common factor of 19567 and 68?
17
What is the highest common divisor of 256 and 482?
2
What is the highest common divisor of 864 and 3250800?
432
Calculate the highest common factor of 8448 and 384.
384
Calculate the greatest common factor of 4186 and 104.
26
What is the highest common factor of 222084 and 398?
398
Calculate the highest common factor of 6968 and 290914.
1742
Calculate the highest common divisor of 5770 and 1058218.
1154
Calculate the greatest common factor of 521352 and 351.
117
What is the greatest common divisor of 192014 and 76?
38
What is the highest common divisor of 394632 and 3306?
174
Calculate the greatest common divisor of 123 and 38581.
41
Calculate the highest common factor of 21472 and 3294.
122
What is the greatest common divisor of 7 and 1087?
1
Calculate the highest common divisor of 5831 and 119.
119
What is the highest common factor of 488 and 2623?
61
What is the greatest common factor of 112267 and 524?
131
Calculate the greatest common factor of 271 and 534683.
271
Calculate the highest common divisor of 32 and 200672.
32
Calculate the greatest common factor of 5 and 78990.
5
What is the highest common divisor of 46224 and 4176?
144
What is the greatest common divisor of 540 and 2007?
9
Calculate the highest common divisor of 34090 and 280.
70
Calculate the highest common factor of 732 and 1778.
2
What is the greatest common factor of 396924 and 1705?
341
Calculate the highest common factor of 20467 and 1067.
97
What is the highest common factor of 13811 and 49?
7
Calculate the greatest common factor of 72 and 165368.
8
Calculate the highest common divisor of 1652 and 635194.
826
What is the highest common divisor of 5590 and 6370?
130
Calculate the greatest common factor of 4024 and 8.
8
Calculate the greatest common divisor of 12384 and 20592.
144
What is the greatest common divisor of 2126826 and 3294?
1098
What is the highest common factor of 39480 and 1176?
168
Calculate the highest common divisor of 9 and 2832777.
9
What is the greatest common divisor of 18 and 37090?
2
Calculate the highest common divisor of 16027 and 62.
31
Calculate the highest common factor of 13426 and 637.
49
What is the greatest common divisor of 19 and 144457?
19
Calculate the greatest common factor of 235019 and 7086.
1181
What is the greatest common divisor of 2484 and 460?
92
Calculate the greatest common factor of 563049 and 3942.
657
What is the greatest common factor of 4024104 and 60?
12
Calculate the highest common factor of 462 and 104062.
14
Calculate the highest common factor of 49419 and 8109.
153
Calculate the highest common factor of 38695 and 109.
109
Calculate the highest common divisor of 8671 and 28704.
299
What is the highest common divisor of 45 and 989025?
15
Calculate the greatest common divisor of 18446 and 230.
46
What is the highest common factor of 116072 and 616?
88
Calculate the greatest common divisor of 87358 and 124.
62
What is the greatest common factor of 68 and 48892?
68
Calculate the highest common factor of 14835 and 960.
15
Calculate the highest common factor of 40657 and 746.
373
Calculate the highest common factor of 407630 and 10.
10
What is the greatest common divisor of 540495 and 45?
45
What is the greatest common divisor of 1698 and 848434?
566
What is the greatest common divisor of 228781 and 115?
23
What is the greatest common divisor of 1296 and 328?
8
What is the greatest common factor of 421482 and 23880?
1194
Calculate the highest common divisor of 558122 and 1432.
358
What is the greatest common factor of 1376844 and 2331?
777
Calculate the greatest common factor of 837 and 8556.
93
What is the greatest common factor of 10557 and 918?
459
What is the greatest common divisor of 119784 and 414?
138
What is the highest common factor of 11516